 - 54, -5*y = -2*w - 186. Suppose 2*t = -7 + 3. Let i = y + t. What is the tens digit of i?
3
Let u = -585 - -286. Let l = -501 - -1067. Let o = l + u. What is the tens digit of o?
6
Suppose -88886*d + 88867*d = -916313. What is the ten thousands digit of d?
4
Let j(h) = 16*h - 5. Let d(i) = 15*i - 4. Let t(m) = -6*d(m) + 5*j(m). Let w be t(-4). Let z = 167 - w. What is the tens digit of z?
2
Let b(p) = 5 + 7*p**3 - 8*p**3 + 8*p + 5*p**2 + 19*p**2 + 26*p - 55. What is the units digit of b(24)?
6
Suppose 0 = 2*b - 91 - 389. Let r = b - -28. Let d = r + -154. What is the hundreds digit of d?
1
Suppose 0 = -o + 3*f - 2 - 5, 8 = 2*f. Suppose o*p - 15*p + 550 = 0. Suppose -3*y + p = 4. What is the units digit of y?
7
Let p(x) = x**3 - 6*x**2 + 6*x - 12. Let d be p(4). What is the tens digit of (12/d)/3 - 11766/(-30)?
9
Let g = 94 + -92. Let k be (20 - (-1 + -1))*g. Let i = k - -91. What is the units digit of i?
5
Suppose -146*m + 1237248 = -50*m. What is the thousands digit of m?
2
Let y(d) = d + 15. Let x be y(-12). Suppose m + x = 7. What is the tens digit of 3536/119 + m/14?
3
Let d = 214 - 140. Let u = d - 148. What is the units digit of (6 + -5)*u/(-2)?
7
Suppose -17*o + 12*o = 50. What is the units digit of (-2)/4 - 13315/o?
1
Let g = -111 - -119. Suppose 0 = g*h - 882 - 1414. What is the units digit of h?
7
Let r(u) = 7*u + 23*u + 1 + 0*u + 1. Let g be r(-3). Let h = -35 - g. What is the units digit of h?
3
What is the thousands digit of (-4*(-130)/312)/((-1)/(-16608))?
7
Let m be (-107 - 1)/(-2) + -2 + 2. Suppose 0 = 2*n - 270 + m. Suppose -3*q - 122 = -2*c, 0 = -2*c - 6*q + 2*q + n. What is the units digit of c?
8
Suppose -2784*j + 2786*j + 8 = 0, 0 = -2*p + 4*j + 61134. What is the thousands digit of p?
0
Let a(z) = 127*z - 4. Let s(t) = -t**3 + 12*t**2 - 13*t + 15. Let l be s(11). Let d be (-4)/(-5) + l/(-35). What is the hundreds digit of a(d)?
1
Let m = -8052 + 26954. What is the ten thousands digit of m?
1
Suppose 36*p - 10931 = 8581. What is the hundreds digit of p?
5
Suppose 2*s = -5*a + 3 + 6, -3*a - 3*s = 0. Suppose -20 = 2*o + a*o. What is the hundreds digit of (-3 - 22)/(2 - (-9)/o)?
1
Suppose -5*a - 4*k + 6265 = 0, 4*a + 5*k - 4099 - 904 = 0. What is the hundreds digit of (12/(-15))/(-2 + a/630)?
1
Suppose 0 = 4*c + 5*n - 225, -2*n = c - n - 55. Let v = -55 + c. Let i(f) = -f**3 - 5*f**2 + 2*f + 11. What is the units digit of i(v)?
1
Let i = 679 - 87. Suppose -5*y - 444 = -3*f, i = 4*f + y + 2*y. Suppose f + 140 = 4*q - 4*l, -4*l = 2*q - 132. What is the units digit of q?
0
Suppose 61510 = 5*d + 2*d - 100337. What is the units digit of d?
1
Let o(q) = -46*q - 32. Let h = 149 + -156. What is the units digit of o(h)?
0
Suppose -3*a - 3*z + 17046 + 18 = 0, -3*z = 6. What is the hundreds digit of a?
6
Let h(q) = 4*q**2 - 2*q + 59592. Let o be h(0). Suppose 39*d - 234 = o. What is the tens digit of d?
3
Suppose -22*t = -9*t - 5317. Suppose 5*i + h + 735 = -t, 3*h + 696 = -3*i. Let k = 337 + i. What is the hundreds digit of k?
1
Suppose -24*o - 4 = -25*o. Suppose o*y - 757 = -33. Let h = y - 1. What is the hundreds digit of h?
1
Suppose x - 2 = 0, -5*f - 2*x - x - 6059 = 0. What is the tens digit of f/(-4) - (-2)/(-8*1)?
0
Suppose -93*f + 94*f - 810 = 0. Suppose -5*i + 3*c + 7875 = -f, i = 3*c + 1737. What is the hundreds digit of i?
7
Suppose -2*t - 2 = 2*i - 4, -4 = 4*t + 2*i. Let n(u) = -57*u**3 + 5*u - 5. What is the hundreds digit of n(t)?
5
Suppose -70 = -14*g - 0*g. Suppose -4*f - 620 = -2*k, -1583 = -g*k - 2*f + f. What is the hundreds digit of k?
3
Suppose -3*t - 3*b + 3593 = -2347, -3*t - 4*b + 5937 = 0. What is the tens digit of t?
8
Let p(l) = 10708*l**2 - 43*l - 2. What is the hundreds digit of p(-1)?
7
Let h be 13 - (-1)/(-2)*6. Suppose 0 = 5*q - 3*c - 520, -3*c = -c - h. What is the units digit of q?
7
Suppose -h - h - 4*y - 48 = 0, -4*y + 32 = -2*h. Let m be (-2 - -5)*h/(-48)*4. Suppose -m*a - 286 = -3*n, -n + 74 = 5*a - 48. What is the hundreds digit of n?
1
Let a = 24552 - 17163. What is the thousands digit of a?
7
Let j(w) be the second derivative of -w**5/10 + 23*w**4/12 + 7*w**3/3 + 2*w**2 - 45*w + 2. What is the tens digit of j(12)?
2
What is the thousands digit of (-285)/(-228) - (-89587)/4?
2
Let g = -5416 + 7882. What is the hundreds digit of g?
4
Let h(u) = -15*u**3 - u - 2. Let z be h(-3). Let n = -181 + z. Suppose n = 4*o - 299. What is the hundreds digit of o?
1
Suppose 0 = -567*x + 606*x - 2772705. What is the units digit of x?
5
Suppose -38 = 12*z - 62. Suppose 10*f - 9*f - 3*i - 191 = 0, -193 = -f + z*i. What is the hundreds digit of f?
1
What is the thousands digit of ((-13535)/(-3))/((-20)/(-12))?
2
Let l = -47 + 13. Let a be 177/5 - ((-212)/20 + 11). Let y = a + l. What is the units digit of y?
1
Let s be 355*(4 + -1 + -2). Let o = s + -204. What is the tens digit of o?
5
Let h = -28 - -25. Let q be 2/7 - (38/(-14) - h). What is the hundreds digit of (125 - -23) + 1 + (q - 2)?
1
Let l = 15626 + -8820. What is the tens digit of l?
0
Let m = 34 - 31. Suppose m*l = -6149 + 290. What is the units digit of (-1)/4 + l/(-36)?
4
Let i = 38 - 36. Let j be (4/12)/(i/(-51))*-2. Suppose w - 3*p - j = 146, 317 = 2*w + 3*p. What is the units digit of w?
0
Suppose -72497 + 11209 = -8*r. What is the units digit of r?
1
Let m = 11620 - -19187. What is the tens digit of m?
0
Suppose -12*t + 2605 = -983. Let y = -177 + t. What is the units digit of y?
2
Let y(h) = -h**3 - 8*h**2 - 12*h - 12. Let i be y(-7). Suppose v + 4*o - 5 = 0, -2*v - i = o - 61. What is the tens digit of 9/v + 918/14?
6
Let c = 9519 + -5377. Let v = -2718 + c. What is the thousands digit of v?
1
Suppose 3*z - 421*a - 60332 = -422*a, -4*z = 4*a - 80424. What is the thousands digit of z?
0
Let h be (-68)/17 + (-1)/((-2)/14). What is the units digit of 136/h*(1 - (-15)/3)?
2
Let i be (-1)/(663/(-333) + 2). Let y = 130 + i. What is the hundreds digit of (-1*y)/(20/(-260))?
2
Let x = -348 + 547. Suppose -3*y + 2209 = x. What is the units digit of y?
0
Suppose -5*x - 27*o = -30*o - 38900, 0 = -2*x + 3*o + 15551. What is the tens digit of x?
8
Suppose j + 2*j = d - 1716, 4*d = 4*j + 6872. Suppose -27*l = -1845 - d. What is the units digit of l?
2
Let j = -2 + 10. Let c(f) = f**3 + f**2 - 4. Let s(o) = 3*o**3 - 9*o**2 + 9*o + 3. Let d(k) = 2*c(k) - s(k). What is the hundreds digit of d(j)?
1
Let z = 548 + -82. Suppose 11*t - 450 = -o + 6*t, o = -t + z. What is the units digit of o?
0
Let g(z) = -5*z + 51. Let j(t) = -9*t + 102. Let i(l) = -11*g(l) + 6*j(l). Let x = 119 + -119. What is the units digit of i(x)?
1
Suppose 0 = -2*f + 5*p - 29, 4*f = -5*p + 34 - 107. Let c = -26 - f. What is the hundreds digit of (-10)/(-35) - -666*c/(-42)?
1
What is the thousands digit of (-16 + (-2046)/(-44))*1264?
8
Suppose -3002 - 4138 = -7*g. Suppose -i + 348 = t, i + 2*i - 5*t - g = 0. What is the tens digit of i?
4
Let x(u) be the first derivative of -21/2*u**2 + 35*u + 19/3*u**3 - 6 - 1/4*u**4. What is the units digit of x(17)?
6
Suppose 501122 = 3*x + 40*x. What is the units digit of x?
4
Let a be 1333/15 + 1 - (-26)/195. Suppose 2*b = 348 - a. What is the units digit of b?
9
Let g(a) = -4*a + 1. Let h(d) = -9*d + 2. Let o(s) = 7*g(s) - 4*h(s). Let p be o(8). Let w = p + -61. What is the units digit of w?
2
Let n be (36/(-48))/((-9)/24). Suppose -2*s + 266 = -o, n*s + o - 91 - 179 = 0. What is the tens digit of s?
3
Suppose 0 = -4*a + 3*h + 95203, -4*a + 95208 = -3*h - h. What is the hundreds digit of a?
7
Let m(p) = -289*p + 33. Let h be m(-15). Suppose 0 = -4*a + h + 1700. Suppose -9*d + a - 500 = 0. What is the tens digit of d?
1
Let j(m) = -54*m**3 - 66*m**2 - 235*m + 79. Let h(d) = -19*d**3 - 22*d**2 - 78*d + 26. Let r(y) = -17*h(y) + 6*j(y). What is the hundreds digit of r(-20)?
9
Let q(s) = -6*s**2 - 5*s + 3. Let b be q(1). What is the tens digit of (73 + -1)*(1 + (-44)/b)?
6
Let i = 22801 + -8196. What is the tens digit of i?
0
What is the units digit of (-16)/4 - (35/(-5) - 1*1884)?
7
Let i = 2 - 0. Let u be i*((-4)/8 - -3). Suppose -4*h - 376 = -2*a, -121 = -2*a + u*h + 257. What is the tens digit of a?
8
Suppose x + 35 = 40. Let o be x/(3/(1/(-2)*-6)). Suppose -8 = -o*f + 227. What is the tens digit of f?
4
What is the ten thousands digit of 2*37964/1